 greatest common divisor of u and 10?
5
Let u be -1 + 47 + (0 - 1). Suppose -l = 4*l - 20. Suppose -78 = -3*s - 3*y + 27, l*y = 3*s - 70. Calculate the highest common divisor of u and s.
15
Suppose 5*i + h = 2*h + 149, 0 = -i + 4*h + 26. Suppose 3*m = 6 - 15. Let c = m - -6. What is the greatest common divisor of c and i?
3
Let p be (-2 + (-50 - -2))*1. Let z = -32 - p. Calculate the greatest common divisor of z and 9.
9
Suppose 3*u - 4*k - 29 = 0, -3*k - 4 = -3*u - 4*k. Let c be 4/((-4)/u) + 1. Let h be ((-21)/c)/(3/16). What is the highest common factor of 8 and h?
8
Let j(m) = 4*m**2 + 3*m. Let y(p) = -3*p. Let q be y(2). Let u be j(q). Suppose -l + 4*l - 42 = 0. What is the highest common divisor of l and u?
14
Suppose -5*w = 3*t - 189, -2*w + 7*w - 2*t - 174 = 0. Let g = -25 + w. What is the highest common factor of g and 99?
11
Suppose 4*g - 34 = -2*m, -2*g + 4*g = 2. Suppose -5*o = 2*x - 85 + m, -4*o = -2*x - 38. Calculate the greatest common divisor of 24 and o.
12
Let a(k) = -k**2 - 11*k - 12. Let o be a(-8). Let g be 6/(-5) - 1/(-5). Let m be 6 + (5 + g)/2. Calculate the highest common factor of m and o.
4
Let t be ((-14)/35)/((-39)/(-45) + -1). What is the highest common factor of t and 129?
3
Let d = 4 - -18. Let m(u) = 9*u. Let y be m(2). Suppose -4*v + y = -d. Calculate the greatest common factor of v and 80.
10
Let r = 2 - 0. Let m(w) = w + 1. Let q be m(3). Suppose 0 = q*k - 8*k + 20. Calculate the highest common divisor of r and k.
1
Let j(h) = 5*h + 3. Let u be j(5). What is the highest common factor of 7 and u?
7
Let i be -4*(-1 - 41/4). Suppose 3*q - 4*q + 27 = 0. Let k = -9 + q. Calculate the highest common divisor of i and k.
9
Let f(y) be the third derivative of 2/3*y**3 + 2*y**2 - 1/24*y**4 + 0*y + 0 + 1/60*y**5. Let g be f(-7). Calculate the greatest common factor of g and 12.
12
Let q be 33/12 + 1/4. Let f = 0 + q. Suppose -3*m + 10 + 11 = f*v, -2*v = 4*m - 38. What is the highest common divisor of m and 132?
12
Let b be ((-50)/(-3))/(-5)*-3. What is the greatest common factor of b and 25?
5
Let f = -16 - -11. Let x be 2 + f - 5*-2. Let a = 157 + -94. What is the highest common divisor of a and x?
7
Let z be 5/((-30)/9)*-4. Suppose -q + 2*v = -13, 4*v + z = q - 13. What is the greatest common factor of q and 21?
7
Suppose -3*s = -10 - 365. Calculate the greatest common divisor of 25 and s.
25
Suppose -7*c + 5 = -6*c. Suppose c*k - 57 - 1338 = 0. Calculate the highest common divisor of k and 31.
31
Suppose -l + 5*r - 43 = -3*l, 3*r = -4*l + 65. Let k(z) = 2 + 0*z + 6*z - 6. Let t be k(l). What is the greatest common factor of 10 and t?
10
Let q be ((-63)/5)/((-6)/20). Let y = q + -21. What is the greatest common divisor of 3 and y?
3
Let v be -4 - 10*28/(-8). Let d = -17 + v. What is the greatest common divisor of d and 2?
2
Let l be 22/(-8)*-1*4. Let d = -49 + -40. Let t = -34 - d. What is the greatest common divisor of t and l?
11
Let z(q) = q**3 - 11*q**2 - 8*q - 12. Let r be z(12). What is the greatest common divisor of 54 and r?
18
Let t be (-4)/14 - (-3708)/42. What is the highest common divisor of t and 8?
8
Suppose 0 = -u - 2*u - 45. Let j = 94 - 812. Let y be (-6)/u - j/5. Calculate the highest common factor of 18 and y.
18
Suppose z - 8 = 22. Let y = 14 + 1. Calculate the highest common divisor of z and y.
15
Let n(l) = -l**2 - 18*l - 14. Let v be n(-14). Suppose 4*a - 5*a = -21. What is the greatest common factor of a and v?
21
Let o be -2*(-2 - (-114)/(-4)). Suppose 5*w = 29 + o. Let j be (-6)/33 - 707/(-77). What is the greatest common divisor of w and j?
9
Suppose -f + 22 = f - 5*s, s = 0. Let t(b) = 58*b + 1. Let x be t(2). Let v = -18 + x. What is the greatest common factor of v and f?
11
Let l be (-3 + (242 - 4))/(0 - -1). Calculate the greatest common divisor of l and 47.
47
Let c(r) = 17*r - 56. Let s be c(6). Calculate the greatest common divisor of s and 230.
46
Suppose -x - 2*s - 9 = s, 5*x - 5*s = 55. Calculate the greatest common divisor of x and 24.
6
Suppose 2*v + 2*v + 4*r = 4, 0 = 3*r + 3. Suppose x + 0*x = 3. Calculate the greatest common divisor of x and v.
1
Let h(a) = -a**3 + 6*a**2 + a + 6. Let g = -3 - -8. Suppose 2*m + 18 = g*m. Let r be h(m). Calculate the greatest common factor of 24 and r.
12
Let w be (-4)/8 - (-2)/4. Let l = w - 7. Let c be ((-12)/7)/(1/l). Calculate the highest common divisor of c and 24.
12
Let b = 287 - 157. Calculate the greatest common divisor of b and 13.
13
Let x(s) = -74*s - 1. Let f be x(-3). What is the greatest common divisor of f and 13?
13
Let c be (-2)/(-1)*260/40. What is the highest common factor of c and 13?
13
Suppose -5*n - 120 = -5*c, -4*c + 0*c + 102 = 2*n. What is the greatest common factor of c and 200?
25
Let o(q) = -q + 1. Let x be o(-6). Calculate the greatest common divisor of x and 7.
7
Suppose 4*u + 24 = 124. Suppose 5*k - 5*q = -0*k + 45, u = -5*q. Calculate the highest common divisor of 4 and k.
4
Let a be 1*5*(4/2 - 1). What is the greatest common factor of a and 20?
5
Let v be ((-13)/(2/2))/(-1). Let y(f) = f**2 - f - 2. Let h be y(-5). Let z = h - 15. What is the highest common divisor of v and z?
13
Suppose 0*g + 433 = 4*g - 5*p, 4*g - 3*p - 439 = 0. Calculate the highest common factor of 16 and g.
16
Suppose 4*b = 5*u + 24, -4*b + 5*b = 2*u + 6. What is the highest common divisor of 15 and b?
3
Suppose 5*u - 25 = -0*u. Let k(c) = c**2 - 4*c + 3. Let q be k(u). What is the highest common factor of q and 64?
8
Let w be (-1236)/(-22) - 20/110. Let p = -8 - -16. Calculate the greatest common factor of p and w.
8
Let r be (-2)/((-6)/(4 - 1)). Suppose -4*t - r + 17 = 0. What is the highest common divisor of 2 and t?
2
Let m = -16 - -26. Suppose 2*g + m = 36. What is the greatest common divisor of 65 and g?
13
Let t = -2 + 5. Let y be 0 + t/(-6)*-6. Suppose 268 = y*f - 29. What is the highest common factor of f and 9?
9
Suppose 10*x - 7*x = 30. Suppose -4*b - 160 = -9*b. Suppose 5*l + 6 = 2*k + b, -2*l = -k - x. What is the greatest common factor of l and 24?
6
Let l be (4/(-3))/(-4)*15. Suppose 88 = l*d + 33. Calculate the highest common divisor of d and 1.
1
Suppose 1 + 2 = g. Calculate the greatest common divisor of g and 9.
3
Let g(y) = y**2 - 5*y + 3. Let a be (-4)/16 + 21/4. Let f be g(a). Suppose 2*r + f = 23. What is the greatest common divisor of 30 and r?
10
Let c be 0/(-3 + 3 + -2). Suppose 0 = 4*l - 3*b - 4 - 12, -4*b = c. Suppose w + l*r + 80 = 2*w, -3*w = r - 175. What is the greatest common divisor of w and 24?
12
Let o(m) = 3*m**2 + 10*m + 10. Let y be o(-4). Calculate the highest common divisor of y and 162.
18
Suppose -4*v = -g - 1, -17 - 1 = -2*g + 4*v. What is the highest common divisor of 19 and g?
19
Let u be (22/33)/(1/36). Let y be (-951)/(-15) - (-2)/(-5). Let k be 16/(-3)*y/(-2). Calculate the greatest common divisor of u and k.
24
Let k be (-2 - 0) + 406 - -1. Let h = k - 227. Suppose x = 4*y - h, 5*y + 0*y - 228 = 4*x. Calculate the greatest common divisor of 11 and y.
11
Suppose u + 3*u - 168 = 0. Let t(w) = w**3 - 7*w**2 - 6*w + 5. Let h = 15 - 7. Let y be t(h). What is the highest common divisor of u and y?
21
Suppose 3*u + 66 = 1452. Let s = 926 - u. Let q be (-6)/9 + s/3. What is the highest common factor of 14 and q?
14
Let o be (12/10)/((-3)/(-140)). Suppose -5*v + o = -v. Suppose -80 + v = -2*f. What is the highest common divisor of 11 and f?
11
Suppose -2*k + 20 = 5*x, 5*k = 4*x - 3*x - 31. Let v be 240/42 + (-2)/(-7). What is the greatest common divisor of v and x?
6
Suppose -56 = -90*z + 86*z. Let q be 27/12 + (-1)/4. What is the highest common divisor of q and z?
2
Suppose -3*m + 2 = 3*y - 10, -4*m = -5*y - 7. Suppose -s - 358 = -m*x - 2*s, 3*x - 361 = -4*s. Calculate the greatest common factor of x and 17.
17
Let b(n) = n**3 - 5*n**2 - 3*n - 8. Let x be b(6). Let j be 9*1 + 2 + (15 - 16). Calculate the greatest common factor of x and j.
10
Let r(c) = 2*c**3 - 3*c**2 - 2*c - 3. Let m be r(3). What is the greatest common factor of 6 and m?
6
Let m = -34 + 177. Let q = 14 + -1. Calculate the highest common factor of m and q.
13
Suppose -3*t + 135 = -93. Let g = -36 + t. What is the greatest common divisor of 10 and g?
10
Let z = 28 + -4. Calculate the greatest common factor of z and 36.
12
Let